 is divided by q?
17
Suppose -6*g + 11*g - 8*g = 0. Suppose g = -3*l + 14 + 7. What is the remainder when 26 is divided by l?
5
Suppose 3*d - 4 = -7. Calculate the remainder when (-6 - -54) + -3 + d + 2 is divided by 8.
6
Let n(h) = -2*h - 1. Let g be n(3). Let i = g + 8. Let k = 6 - i. What is the remainder when 22 is divided by k?
2
Let m(d) = -d**2 - 8*d - 9. Let l be m(-5). Suppose i = 3*y - 33, -l*i + 2*i - 12 = 0. Suppose 30 = 3*v + 2*v. Calculate the remainder when y is divided by v.
4
Suppose 338 = -9*t + 3056. Calculate the remainder when t is divided by 77.
71
Let b = -23 - -23. Suppose k - 24 = -b*k. What is the remainder when k is divided by 15?
9
Suppose -73*g = -78*g + 5*k + 210, 4*g - 5*k - 171 = 0. What is the remainder when 699 is divided by g?
36
Suppose 0 = -12*j - 319 + 475. Calculate the remainder when 623 is divided by j.
12
Suppose -4*j = 4*m - 888, 302 = 4*j + 2*m - 594. What is the remainder when j is divided by 12?
10
Let f = 618 + -596. Calculate the remainder when 393 is divided by f.
19
Let s = -62 + 125. Let c(v) = -s - 4*v**2 + 5*v**2 + 66. What is the remainder when 50 is divided by c(-4)?
12
Suppose 5*f + 7*o - 26 = 3*o, 5*f = -2*o + 28. Suppose 0*x + f*x - 162 = 0. Calculate the remainder when 105 is divided by x.
24
Calculate the remainder when 108/(-198) - 3417/(-33) is divided by 35.
33
Let z = -27 + 22. Let r(g) = 6*g + 40. Calculate the remainder when r(z) is divided by 4.
2
Let v = -22 + 131. Calculate the remainder when v is divided by 11.
10
Let l(c) = -c**3 - c**2 + 144. Let d be l(0). Let b be ((5 - 2) + -2)/((-2)/(-6)). Suppose -b*t - d = -7*t. What is the remainder when t is divided by 19?
17
Suppose 0 = 5*a + 5*w + 12 - 52, 0 = 2*a + 3*w - 21. Calculate the remainder when (-7 - (-1)/(-3))/((-2)/a) is divided by 3.
2
Let t(b) = 90*b - 43. Calculate the remainder when t(3) is divided by 46.
43
Suppose -66 = -4*f + 2*y - 0*y, 4*f + 3*y - 51 = 0. Suppose s - 3*a - 89 = -s, -s + 52 = -4*a. What is the remainder when s is divided by f?
10
Suppose -3*h - 130 = -2*z + h, -130 = -2*z - 4*h. Suppose -2*y - 14 + 2 = -q, -3*q = 5*y - 58. Let v = q + 1. Calculate the remainder when z is divided by v.
14
What is the remainder when 69 is divided by 12 + (-8 - -8)/(-9)?
9
What is the remainder when (44/(-10))/(14/(-420)) is divided by 27?
24
Let a = 29 - -10. Let o = 8 - 10. What is the remainder when a is divided by -4 - o/((-6)/(-33))?
4
Suppose d - 14*h = -11*h - 9, -2*d - 3*h = -18. Let i be 8/(-12) - 10/3. Let u = i - -5. What is the remainder when d is divided by u?
0
Let l = 15 + -13. Suppose -l*w - w = 3*v - 246, 5*v = 15. Suppose 16 - w = -3*x. What is the remainder when 41 is divided by x?
20
Suppose 4*a = -0*a + 64. What is the remainder when 1264/42 + 8/(-84) is divided by a?
14
Suppose 98 + 22 = 5*p. Suppose 18 + p = 3*m. Calculate the remainder when m is divided by 9.
5
Let r = -451 + 548. Calculate the remainder when r is divided by 14.
13
Let t(y) = y**2 - 15*y - 20. Let q = -9 - -31. What is the remainder when t(18) is divided by q?
12
Suppose 126 - 258 = -t. Suppose 5*p - t - 208 = 0. What is the remainder when p is divided by 18?
14
Let x = 11 + -44. Let t = x + 47. Suppose -120 = -12641*f + 12638*f. Calculate the remainder when f is divided by t.
12
Let y(j) = j**2 + 9*j + 14. Calculate the remainder when 362 is divided by y(-9).
12
Let f be -15*((-8)/5 + 2). Let b be (6 + 4)*f/4. Let x = b + 18. What is the remainder when x is divided by 1?
0
Let l(m) = m + 1. Let f(z) = 2*z + 25. Let u(q) = -f(q) - 2*l(q). Calculate the remainder when 71 is divided by u(-16).
34
Let c be 73*3*(-1)/3. Let h = c + 129. Suppose 0*u - 4*u = -h. What is the remainder when 68 is divided by u?
12
Suppose -4*w = -2*w - 54. Suppose 210 = -5*c + 19*c. What is the remainder when w is divided by c?
12
Let u = 1071 + -1052. What is the remainder when ((-4)/2)/(4/(-298)) is divided by u?
16
Suppose -p - p + 24 = 0. Let h = p - 7. Suppose 2*r = -r - 4*o + 29, 20 = h*r + o. What is the remainder when 8 is divided by r?
2
Calculate the remainder when 92 is divided by (3 - -1) + (14 - -30).
44
Let z = 34 - -5. Suppose 19*x - 18*x = 114. What is the remainder when x is divided by z?
36
Let i = -5 - -2. Let k(t) = -t**3 + 3*t - 3. Calculate the remainder when k(i) is divided by 8.
7
Let t(n) = -n**2 - 11*n + 4. Let k be t(-11). Let g be ((-1)/k*0)/2. Suppose 3*y - 74 + 11 = g. Calculate the remainder when y is divided by 4.
1
Suppose -27 = -5*u - 4*g - 9, 0 = -2*u - 4*g + 12. Suppose -3*d + 51 = d + v, 27 = u*d + v. What is the remainder when 58 is divided by d?
10
Suppose 85*u - 91*u = -126. Calculate the remainder when 51 is divided by u.
9
Suppose -h + 2 = -2*z, -2 = -h - 2*z - 3*z. Calculate the remainder when 26 is divided by h.
0
What is the remainder when 526 is divided by ((-2)/(-1))/((-4)/(-88))?
42
Suppose -61 = -5*c - 26. Calculate the remainder when (-6)/4*(-282)/9 is divided by c.
5
Let k(p) be the second derivative of p**4/6 - 3*p**3 + 7*p**2 + 10*p. Let b(u) = -u + 18. Calculate the remainder when k(10) is divided by b(0).
16
Let u = 329 - 127. Calculate the remainder when u is divided by 17.
15
Suppose 21*x - 18*x - 51 = 0. What is the remainder when 337 is divided by x?
14
Let g(q) = 9*q**2 + 63*q - 9. What is the remainder when 622 is divided by g(-9)?
10
Suppose 3*o + 130 = 2*o. Let m = 135 + o. What is the remainder when 36 is divided by m?
1
Let q = -51 - -75. Suppose 18*k - q = 15*k. Calculate the remainder when 15 is divided by k.
7
Let q = 24 - -11. Suppose -3*r = -4*t - 33, -2*r - 12 = -0*r + 3*t. What is the remainder when q is divided by r?
2
Let w(y) be the second derivative of y**3/6 + 3*y**2/2 - 9*y. Calculate the remainder when w(16) is divided by ((-10)/3)/(2/(-3)).
4
Let q = 22 - 32. Let m = 14 + q. Calculate the remainder when 10 is divided by m.
2
Let c(f) = -f**3 + 16*f**2 - 22*f - 56. What is the remainder when 193 is divided by c(14)?
25
Suppose 0 = 8*q - q - 14. Let d be q + (2 + 0)/2. Calculate the remainder when 46 is divided by 65/(-26)*(-1 - d).
6
Let l(s) = 5*s**2 - 16*s - 2. Let v(u) = -u**2 + u. Let g(w) = -l(w) - 4*v(w). Calculate the remainder when g(5) is divided by (-8)/(-12) - 37/(-3).
11
Suppose -3*h + 2*h + 4 = 0. Suppose -h = 5*b - 79. What is the remainder when 73 is divided by b?
13
Let q(i) = -6*i + 41. Calculate the remainder when q(-8) is divided by 15.
14
Suppose 3*w + z - 11 = 0, 2*w - 3*z = -0*w + 11. Suppose 5*j = 3*j + w*k + 90, 4*j = 4*k + 172. Calculate the remainder when j is divided by 22.
19
Suppose 12*q = 10*q + 68. Let b = q + -17. What is the remainder when 65 is divided by b?
14
Let r(q) = -290*q - 67. Calculate the remainder when r(-1) is divided by 77.
69
Let u = -132 - -149. Suppose -3*v - 196 = -3*r + 23, 4*v - 8 = 0. Let i = r + -8. What is the remainder when i is divided by u?
16
Let n(k) = 648*k - 10220. Suppose -3*o + 56 = 4*c - 50, -3*o = -3*c - 78. Calculate the remainder when n(16) is divided by o.
28
Calculate the remainder when 412 is divided by -4 + (-3 - -4) + (-774)/(-9).
80
Let t = 209 + -149. What is the remainder when 76 is divided by t?
16
Suppose -2*j = -8, 0 = -2*s - 5*j + 274 - 6. Calculate the remainder when 238 is divided by s.
114
Let f(y) = 5*y**3 - 3*y**2 - y + 18. Calculate the remainder when f(3) is divided by 36.
15
Suppose -l - 405 - 351 = -5*g, -g - 4*l = -168. What is the remainder when g is divided by 92?
60
Let r(h) = -h**3 - 5*h**2 + 2*h + 4. Let c be r(-5). Let j(o) = o**2 + 4. Let y be j(c). Let t = y + 22. Calculate the remainder when t is divided by 21.
20
Let m(k) = 12*k**2 + 14*k - 1. Calculate the remainder when m(4) is divided by 50.
47
Let u = -1044 + 1228. What is the remainder when u is divided by 28?
16
Suppose -2*s + 91 = 3*h - 79, -s + h = -75. Suppose 5*o + 3*u = 210, 3*o - 47 - s = u. What is the remainder when o is divided by 9?
6
Let k(g) = -2*g - 10. Suppose -24 = 3*n + 6. Calculate the remainder when k(n) is divided by 3.
1
Suppose 0 = -3*u - 1199 + 1436. What is the remainder when 248 is divided by u?
11
Let w(r) = r**3 + 5*r**2 - 6*r + 3. Let x be w(-6). Suppose 32 = x*m + 5. What is the remainder when m is divided by ((-25)/(-35))/(((-6)/(-14))/3)?
4
Let n(v) = -9*v + 227. What is the remaind